2 + 2*b - 6. Suppose 7*l = 2*l + 25. Let p be y(l). Suppose -3*j + 196 = -6*v + p*v, 5*j + 2*v = 300. Is j prime?
False
Let k(u) = -26*u - 29. Let c be k(-18). Suppose -c = -z + 4*n, -5*z - 2*n - 398 = -2527. Is z a composite number?
True
Let j = -23 - -18. Is (j + -615)*-2 + 0 + 1 composite?
True
Let w(l) = 724*l + 99. Is w(31) a composite number?
False
Let u be (0 - 1)/(4/(-12)). Suppose 0 = -5*d - 4*s + 12, 9 + 0 = u*d + 3*s. Suppose d*o = 4*o + 2*w - 398, 4*w - 408 = -4*o. Is o a composite number?
False
Suppose -8 = -4*i, 4*r + 19*i = 14*i + 3206. Is r a prime number?
False
Suppose -2 = -g + 2, 26 = -2*v + 5*g. Let i = 6 + v. Suppose 0 = -i*o - 0*o + 1011. Is o prime?
True
Let f(y) = -112*y - 2. Let a be 129/(-27) + 2/(-9). Let n be f(a). Suppose -o = -3*t + n, 3*t - 940 = -2*t + 5*o. Is t a prime number?
False
Let k be -3 - (0 + -1) - -5. Let y be ((-178)/k)/(7/21). Let x = -35 - y. Is x prime?
False
Let c = 729 - 280. Suppose 5*z - c = 781. Is 5/(10/z) - 2 a prime number?
False
Let p = 25 + -27. Is 4*(-1)/p - (-1034 + 5) a composite number?
False
Let v = -5450 - -11189. Is v a prime number?
False
Suppose -4 = 2*y - 966. Let x be (-9 + 21)/(2/146). Let i = x - y. Is i composite?
True
Let s = 18 + -9. Suppose -z - 4*r = 16, 5*r + s = -z - 3*z. Suppose 0 = j + d - z*d - 103, 4*d = -8. Is j a prime number?
True
Let c(x) = -2. Let w(k) = -k - 1. Let v(t) = 3*c(t) - 2*w(t). Let u be v(3). Suppose q - 804 = -2*q + 3*o, -4*o = -u*q + 542. Is q prime?
False
Let w be -16 + (1 - (5 + 4)) + 11. Let q(r) be the third derivative of r**5/15 + r**4/24 + 2*r**3/3 + r**2. Is q(w) composite?
True
Let a(v) = -6*v**3 + 5*v**2 - 6*v + 2. Suppose -2*y + 4*y - 40 = 0. Let d = y + -25. Is a(d) prime?
True
Let y be (1*807)/(-3 + 4). Let k = y - 172. Suppose w = -4*w + k. Is w a composite number?
False
Let l be (-38)/7 - 9/(-21). Let v(c) = -c + 10. Let r be v(l). Suppose -u + 4*x + r = 0, 0*u - x = u - 35. Is u prime?
True
Suppose 2*b - 31*s + 28*s = 2794, 0 = 3*b - s - 4191. Is b a composite number?
True
Suppose 2*f + 2 = 0, -7313 = -2*z + f + 2188. Is z + ((-24)/18)/((-8)/6) composite?
False
Let m be 4 - -8 - (-4 - -5). Suppose -m = s - 3*p, 5*p - 15 = 2*p. Let t(z) = 129*z + 5. Is t(s) composite?
False
Let h = -247 - -1370. Let g = h - 710. Is g a composite number?
True
Let u(a) = 859*a**2 + 39*a - 175. Is u(6) prime?
True
Let h = 3 - -1. Suppose 5*p = 3*a + h, 4*p + 1 = a - 0. Is p*(-230 - -4) - 0 prime?
False
Suppose -4*y - 5*r = -4326, -19*y = -24*y + 4*r + 5387. Is y a composite number?
True
Suppose -4*d + 235 = -145. Let w = d + -11. Suppose 15 = o + p, -o - w = -5*o + 2*p. Is o composite?
False
Let g be (-20748)/54 + 2/9. Let w = g - -715. Is w prime?
True
Let n be ((-2)/8)/(2/(-8)). Is 236/6 + n/(-3) composite?
True
Let g(n) = n**2 - 5*n + 1. Suppose 0 = -w - 0 + 4. Let a be (10/(-3))/(w/6). Is g(a) composite?
True
Suppose z + 3*z = 4. Let w = -246 - -363. Is (2 + w + 0)*z a prime number?
False
Let l = 148 - 84. Let s = l + -29. Is s a composite number?
True
Let q(j) = -j**3 - 9*j**2 - j - 5. Let p be q(-9). Let f(s) = s**2 + 6*s**2 - p - 3 + 10*s**2 - 5*s. Is f(-3) prime?
False
Suppose 3984 = 6*c - 0*c. Suppose 2*z - c = -f, 2*z = 5*f + 790 - 138. Is z a composite number?
False
Let r = -109293 + 229112. Is r prime?
False
Suppose 5*v - 3*a + 2*a - 65 = 0, 0 = -3*a. Let b(m) = -m**3 + 9*m**2 - 5*m - 7. Let l be b(8). Suppose -2*j = -l - v. Is j prime?
False
Let s(r) = -210*r - 8. Let i be s(-11). Suppose 0 = 6*c - 4*c - i. Is c a prime number?
True
Let v(p) = 220*p - 7. Let q be v(2). Suppose -2*g - 2*i + 178 = 0, -9*i + 8*i = -5*g + q. Is g a prime number?
False
Let d = 20 + -13. Suppose d*g - 4*g = -3486. Let y = -481 - g. Is y composite?
True
Let v = 7346 - 2205. Is v a composite number?
True
Let g(x) = -10*x + 11 - 9 - 9. Let m be g(-6). Suppose v - m = -0*v. Is v composite?
False
Suppose 107045 = 4*j - 4*a - 2635, 5*j + 5*a = 137080. Is j a prime number?
False
Let q(c) = -20*c + 27. Let z be q(6). Let x = z + 152. Is x a prime number?
True
Let w(m) = 6816*m - 317. Is w(10) a prime number?
True
Let f = -2551 + 8658. Is f prime?
False
Let i(s) = s**2 + 6*s - 71. Is i(42) composite?
True
Is (-451299)/(-45) + -1*(-4)/30 a prime number?
False
Let p be (4/(-8))/((-1)/(-102)). Let f be p/15 + (-4)/(-10). Let s(g) = -18*g**3 - 3*g**2 + 5*g + 5. Is s(f) composite?
False
Suppose -3*p + 6166 + 67 = 4*q, -3*q + 15 = 0. Is p a composite number?
True
Let q(l) = -l**3 + 63*l**2 + 126*l - 221. Is q(64) a prime number?
False
Let h(x) = -x + x - x - x - 2. Let v be h(-2). Suppose -4*m - 4*s = -804, 4*m + v*s = 3*m + 197. Is m composite?
True
Suppose 0 = 3*r - 9, 5*y + r - 356 - 142 = 0. Suppose 0 = -6*x + 31 - 1. Suppose x*l + 24 = y. Is l composite?
True
Suppose 0 = -o - 5*b + 14, 5*b - 1 = 3*o - 3. Suppose -2 = -a + 4*z, -5*a = -9*z + o*z - 25. Suppose a*f = 3*f + 1173. Is f prime?
False
Let b(k) = k + 1. Let y(c) = -6*c - 17. Let z(q) = 4*b(q) + y(q). Let t be z(-7). Let m(l) = 402*l**2 + 1. Is m(t) composite?
True
Suppose 0 = -10*p + 2*p + 16. Suppose p*z - v - 2*v - 2093 = 0, 4*z - 2*v - 4166 = 0. Is z composite?
False
Suppose 25*n - 11269 = 24*n. Is n a prime number?
False
Suppose 3*c + 4*f + 64 = -46, 5*c - 3*f + 135 = 0. Let g = 364 + c. Is g prime?
False
Let h(u) = 1392*u**2 + 35*u - 115. Is h(4) a prime number?
False
Let v(u) be the third derivative of 7*u**6/30 + u**5/60 - u**4/12 - u**3/6 - 9*u**2. Is v(2) composite?
False
Suppose 21015 = 5*d + 5*t, -4*t + 10 = 2. Is d prime?
True
Let m(q) = q**2 + 8*q + 14. Let d be m(-8). Is d*-2*(-470)/40 a composite number?
True
Let x = -111 + 113. Suppose -4651 = -4*l - s, -l - 5*s = x*l - 3484. Is l composite?
False
Let n = 6214 - 2639. Suppose 3*y = n + 1894. Is y a prime number?
True
Let o be (-6)/(-3)*-1 - -5. Suppose 15 = -o*t + 8*t. Suppose 20 + t = y. Is y a composite number?
False
Suppose 0 = -180*j + 183*j - 1779. Is j composite?
False
Suppose -8*d - 23127 = -v + 2918, 3*v = 2*d + 78157. Is v prime?
True
Let n = 245 - 171. Suppose -8*g + n = -6*g. Is g a composite number?
False
Suppose 0 = -3*n - w - 1448, 5*n + 2*w + 1566 = -846. Let c = n + 3063. Is c composite?
False
Suppose -3 = -6*g + 9. Is 18741/24 - g/(-16) a prime number?
False
Let r be -1*(-1 + (-1 - 0)). Let y = 3659 - 2592. Suppose r*m = -j + y, -3*j - 3*m + 3186 = -2*m. Is j prime?
True
Let i be (-36)/24*(-44)/6. Suppose -19430 = q - i*q. Is q composite?
True
Let a(m) = 5319*m**2 + 37*m + 103. Is a(-3) prime?
False
Suppose 2*w = -w + 12, 3*r - 3*w - 12 = 0. Suppose 547 = r*h - 7*h. Is h a prime number?
True
Let c be 5027/7 + (-5)/35. Suppose -t - 5*u = -c, 4*t - 932 = -4*u + 1892. Is t a composite number?
True
Let a be 0/((0 - 2) + 4). Let d(y) = y**3 - 2*y**2 - y + 24. Let l be d(a). Suppose 9 = w - f - 4*f, 4*f = 2*w - l. Is w a prime number?
False
Let f = 5127 - 2312. Is f prime?
False
Let u = 4445 + -1922. Let f = u + -1184. Is f a prime number?
False
Let t = -75 + 381. Suppose -5*c + 39 = -t. Is c prime?
False
Let t(u) = -20*u - 76*u + 15*u - 4. Is t(-2) prime?
False
Let v(i) = i**3 + 6*i**2 + 5*i + 6. Suppose -4*r + 32 = -4*q, -q = -0*q + 2*r - 1. Let g be v(q). Let j(s) = 2*s**2 - 9*s + 3. Is j(g) prime?
False
Let x = 28 - 26. Suppose 2*y - 2*a + a = 1, -y + a = 2. Suppose -y*o = x*o + 2*l - 285, -2*l - 10 = 0. Is o composite?
False
Let n = 5 - 5. Suppose -3*m + 0 + 3 = n, -4*m - 8 = -4*s. Is (-1)/(3/(-1194)) - s composite?
True
Suppose 4*x - 18 = 3*m, 5*x = 3*m - 0*m + 24. Suppose -629 = -3*q + o, 846 = 4*q - x*o + o. Is q a composite number?
True
Suppose 2*t - 5018 = 2130. Is t composite?
True
Let p be (-4)/(2 - 4) - 2*2. Is 39/117 + p*(-3946)/3 a composite number?
True
Suppose 14*i - 4 = 16*i. Is 1/((i*(-4)/(-1172))/(-2)) a composite number?
False
Suppose 0*q - 182 = 7*q. Let j be (-3)/(-12)*q*-22. Suppose -43 - 18 = -f + 2*d, 3*f = -4*d + j. Is f prime?
True
Let t be (-2*(3 - 4) - 5)/(-1). Is (-2*t/3)/2*-233 a prime number?
True
Let h(w) = 4*w + 11. Let a(u) = u + 4. Let z(s) = 8*a(s) - 3*h(s). Let l = -3 - -1. Is z(l) prime?
True
Let p(u) = -18*u**3 - 2*u**2 + 3*u + 13. Is p(-6) prime?
False
Let w(y) = y**2 + 9*y + 10. Let q be w(-8). Suppose q*k = 0, -2*p = 3*p - 2*k + 20. Is (-2)/p + 5115/6 a prime number?
True
Let u(g) = -265*